 + 17*i + 51. Is u(14) prime?
False
Let p = -79 - -82. Suppose 0 = 2*u - p*g - 691, 4*g - 793 = -3*u + 286. Is u prime?
True
Suppose -1 = o - 2, 3*s - 227459 = 4*o. Is s prime?
True
Suppose 0 = 3*m - 360 - 519. Let p = m - -154. Is p prime?
False
Suppose 1534*c - 166938 = 1528*c. Is c a prime number?
True
Let l = 27 + -16. Let m(r) = l - 2*r**2 - 2*r**2 + 0*r**2 + 12*r + 7*r**2. Is m(-10) a prime number?
True
Suppose 8899 = 2*q - 5*d - 7787, 25079 = 3*q + 5*d. Is q a composite number?
False
Let r(i) = 173*i - 23. Is r(8) prime?
True
Suppose 14 = 4*c + 6. Is 15/30 + 1497/c prime?
False
Suppose 0 = 10*r + 11*r - 1453263. Is r a prime number?
True
Suppose 2*j - 1 - 1 = 0, 5*s - 3*j - 444212 = 0. Is s composite?
False
Let f be (-88)/(-20) - 2/5. Suppose -9 = f*p - 5*p. Is (-1)/3 - (-444)/p a prime number?
False
Suppose 3*y = -962 + 4304. Suppose 3*v = v + y. Is v a composite number?
False
Let v be -1*(9/3 - 6). Suppose 0 = v*s - 6 - 0. Suppose s*n - 6 - 240 = 0. Is n prime?
False
Suppose 2*j - j - 30451 = -3*u, 0 = -4*j - 2*u + 121784. Is j prime?
False
Suppose 0*g + 4*g - 3336 = 0. Suppose 0 = -4*t, 2*l = 4*t + 2958 + g. Suppose 5*s - l = -361. Is s a composite number?
False
Suppose -7132 = -6*y - 2476. Suppose -2*p - 816 = -2*l, 4*l + p - 2383 = -y. Is l a prime number?
False
Let g(p) = p**3 - p**2 + 13*p - 16. Suppose 10 = n - 1. Is g(n) a prime number?
False
Let g = -9905 - -17404. Is g composite?
False
Let b(c) = c**3 + 3*c**2 - 2*c + 2. Let m be b(-2). Suppose -3339 = -4*r + 3*i, -r + 288 = i - 538. Is (-4)/m - r/(-15) composite?
True
Suppose -4*q - 3363 = -3*u, -u - 3*u + 4485 = -5*q. Suppose r + 4*r + 3*l = 5653, 2*l - u = -r. Is r composite?
True
Let a(w) = 9*w + 27. Let k(o) = 1. Let b be (-7 - -5)/(-1 + 3). Let x(f) = b*a(f) + 5*k(f). Is x(-9) a prime number?
True
Let u(v) = -135*v**2 - 131*v**2 + 271*v**2 - 5 + 2*v. Is u(4) prime?
True
Suppose 32 = 2*z + 3*o, z = -o + 5*o - 6. Suppose z = 2*p, w - p - 824 = p. Let s = w - -55. Is s a prime number?
False
Let t(k) be the third derivative of -k**6/120 - k**5/12 + 5*k**4/24 + k**3/3 + 3*k**2. Let r be t(-7). Is 3/(-1) + 2*r prime?
True
Let g(x) = 2*x**2 - x - 20. Let y be g(0). Let f = y + 243. Is f a prime number?
True
Suppose 0 = -10*h + 93773 + 14997. Is h composite?
True
Suppose 4*d = 16, 5*i - 410 = 30*d - 25*d. Is i composite?
True
Suppose 7*p = 3*p + 24. Suppose p*b - 40 = 8. Is (3 - 28/b)*-362 composite?
False
Is 1/1*(4 - 7 - -1606) composite?
True
Suppose -4*c + 17 = -15. Suppose 0 = c*w - 8026 + 1650. Is w composite?
False
Suppose -2*i = g - 14525, 15*g - 12*g - 43560 = -3*i. Is g a composite number?
True
Let n(c) = 58*c**2 + 12*c - 4. Let t be n(-11). Suppose 16*s = 10*s + t. Is s a composite number?
True
Let i(s) = s**3 + 28*s**2 - 31*s + 31. Is i(-28) a composite number?
True
Let y = 320 - -5003. Is y composite?
False
Let n = -2160 + 3073. Is n composite?
True
Suppose 0 = 45*b - 2737092 + 305427. Is b composite?
False
Let k = 793 - 500. Is k composite?
False
Suppose -2*y + 2*j + 2*j + 18 = 0, -y + 5*j = -12. Suppose -33 = 4*q - y*q. Is q a prime number?
True
Let u be (-5)/10 - 3/2. Is u + 1055 + (0 - -2) a prime number?
False
Let u = 63442 - 33971. Is u composite?
True
Let m = 37 + -50. Let t(n) = -n + 22. Is t(m) a prime number?
False
Let p(h) = 22454*h - 51. Is p(1) a prime number?
False
Let l = -71226 + 129953. Is l composite?
False
Is ((-152232)/(-16))/((-1)/4*-2) prime?
False
Suppose 0 = -51*a + 26*a + 530275. Is a a prime number?
True
Let k(z) = -1679*z - 1260. Is k(-29) a prime number?
True
Let r(h) be the first derivative of -7*h**2/2 - 5*h + 1. Is r(-10) composite?
True
Suppose 0 = n - 3*g - 258 - 177, -n + 2*g = -439. Suppose 16*z - 17*z + n = 0. Is z composite?
True
Suppose -q + 7*r + 471 = 3*r, q - 483 = -2*r. Is q a prime number?
True
Suppose -2*n = 4*g - 3*g - 3, -5*g - 5 = 0. Suppose u - 777 = -2*m, -n*m + 0*u = -4*u - 782. Is m composite?
False
Suppose -6*v = -v. Suppose -2*w = -v*w - 514. Is w composite?
False
Suppose 4*m - 1206 = -5*w + 676, -w = 4*m - 1890. Suppose 2*i = 4*f + 192, -5*i = -3*f - 0*f - m. Is i prime?
False
Let o = 1 - -3. Let d be 3/(-24) + 6/48. Suppose 0 = o*n - d*n - 44. Is n composite?
False
Let b = 8 + -14. Let h(p) = 4*p + 140. Let a be h(-29). Is ((-382)/8)/(b/a) a composite number?
False
Suppose -12*i = -18661 - 6551. Is i a composite number?
True
Let l(v) = 40*v + 1. Let y(k) = -k + 1. Let b(d) = l(d) - 5*y(d). Let q(m) = -4*m + 29. Let s be q(4). Is b(s) a composite number?
True
Let f = 21 + -11. Suppose -2*k = f, 4*j - 5*j = -3*k + 134. Let m = -60 - j. Is m prime?
True
Let c = -808 + 1811. Is c prime?
False
Suppose 4*y = 57 + 43. Suppose -5*i = -3*h - 281 + y, h = i - 50. Is i a composite number?
False
Let o(h) = -3*h**3 + 3*h**2 - 9*h - 4. Let a(u) = -5*u**3 + 5*u**2 - 14*u - 6. Let c(k) = -5*a(k) + 8*o(k). Let t be c(3). Is 18/(-30) - (-1436)/t composite?
True
Suppose -4*v + o + 23662 = -3142, -2*v + 2*o + 13402 = 0. Is v prime?
True
Let p(q) = 8*q**3 + 3*q. Let v be p(-3). Suppose 0 = 4*s - 160 - 2176. Let f = s + v. Is f a composite number?
False
Let h(k) = 37*k**2 - 6*k - 7. Suppose 43 = -5*b + 4*c - 7, 0 = -2*b - 4*c + 8. Is h(b) composite?
False
Let s(r) = 7*r**2 - 2. Let o be s(-3). Let p be (28/(-6))/(1*1/(-27)). Suppose -k + o = -p. Is k a prime number?
False
Suppose z = 1, 0*k - 2*k = 5*z - 2401. Suppose -k - 697 = -5*c. Is c a prime number?
True
Let h be (2/2 - 0)*-6. Let o(k) = -k**3 - 2*k**2 + 3*k - 7. Let n(y) = 4*y**3 + 7*y**2 - 8*y + 21. Let w(q) = -2*n(q) - 7*o(q). Is w(h) a composite number?
True
Let t = 871 + -300. Let g = -164 + t. Is g prime?
False
Suppose -q + 33024 = 6*k - k, 0 = k + 4*q - 6601. Is k composite?
True
Suppose -14*h + 42*h - 125804 = 0. Is h a prime number?
True
Let u(a) be the second derivative of a**3/6 + 27*a**2/2 - 11*a. Is u(6) a composite number?
True
Let u = 4 - 20. Is -4*(700/u - -3) a composite number?
False
Let m = 881 - 16. Is m a prime number?
False
Is 7349*2*(108 - 107) prime?
False
Let n = -32 - -42. Suppose n = 5*a, a + 13 = 5*p - 0*a. Suppose -x = 2*x, p*m - 153 = -4*x. Is m prime?
False
Let r be 0 + 2168*1 + -2. Let j = r + -1507. Is j prime?
True
Let w = 70 + -63. Suppose w*g = 6*g + 2411. Is g a composite number?
False
Let k(v) = -v**3 + 12*v**2 - 2*v - 17. Suppose -3*n + 5*n + 40 = 5*b, 2*b - 16 = -n. Is k(b) a composite number?
False
Suppose 4*m - 16 = 2*x, 3*m - 12 = -3*x - 0*m. Let k be -3 - (-2 + -3) - x. Suppose t - k*j + 6*j - 241 = 0, 4 = 2*j. Is t a prime number?
True
Let f = 299089 + -143586. Is f prime?
False
Let l(v) = 44*v**2 + 2*v + 10. Let t(b) = b - 1. Let i(j) = -l(j) - 4*t(j). Let q be i(5). Let r = q - -4209. Is r a prime number?
False
Let i be (4/10)/(2/20). Suppose 0 = -2*a - x + 766 - 268, x = -i. Is a a composite number?
False
Let f = -2251 + 3703. Suppose -4*t + f = 2*m - 6*m, -m - 3 = 0. Suppose v + 5*y - t = -2*v, 4*y = -2*v + 242. Is v composite?
True
Suppose -3*t = -n - 59579, n + 4 = 2. Is t a composite number?
True
Let q be -1*(0 + 3) + 1. Is 5 + 1 + q - -79 composite?
False
Let q(m) = -2*m**2 + 54*m + 73. Is q(23) a composite number?
False
Is (6466 - -30) + ((-21)/3 - -2) a composite number?
False
Suppose 4*v + 3*b = 4510, -104 = -v + 5*b + 1012. Is v composite?
True
Let j = 34947 - 22721. Is j a composite number?
True
Let i(n) = 0 + 242*n - 36*n + 2 + 149*n. Let v(d) = -d - 1. Let f(x) = i(x) + 5*v(x). Is f(4) composite?
True
Let o(v) = -v**2 + 10*v - 6. Let z be o(8). Let p(d) = -6*d + 4 + 2*d**2 - d**2 + 5. Is p(z) a prime number?
False
Let t be (-6)/(0 + (-6)/4). Suppose 2*c + 2 = -4*b + 16, -4*c = -t*b - 28. Let s(u) = 2*u**3 - 11*u**2 + 9*u + 5. Is s(c) a composite number?
True
Suppose 0 = -3*t - o + 2*o - 1615, 0 = t + 4*o + 560. Let b = t + 919. Is b prime?
True
Let c = 7540 + -4077. Is c a prime number?
True
Let f = 6363 + -4532. Is f prime?
True
Is (-84)/294 - (-18951)/7 prime?
True
Let b(l) = 3 - 5*l + l**3 - 1 + 2 + 5*l**2 - 1. Let q be b(-5). Is 2522/6 + q/(-21) a composite number?
False
Suppose 5*h - 5*t = 10, 0*h - 3*h = 4*t + 29. Let d(b) = -30*b**3 + b**2 - 6*b - 6. Is d(h) composite?
True
Suppose 119 = 3*z - 31. Is ((-2225)/z)/(2/(-28) - 0) prime?
False
Suppose -151*y + 156*y = 28945. Is y a prime number?
False
Let f = 40